f 18507?
5
What is the thousands digit of 2461?
2
What is the tens digit of 44418?
1
What is the thousands digit of 1764?
1
What is the hundreds digit of 14650?
6
What is the hundreds digit of 122?
1
What is the hundreds digit of 526?
5
What is the tens digit of 5051?
5
What is the units digit of 325?
5
What is the units digit of 38262?
2
What is the thousands digit of 2741?
2
What is the tens digit of 970?
7
What is the thousands digit of 5758?
5
What is the units digit of 456?
6
What is the tens digit of 133765?
6
What is the hundreds digit of 145654?
6
What is the hundreds digit of 9897?
8
What is the hundreds digit of 7889?
8
What is the hundreds digit of 1879?
8
What is the tens digit of 901?
0
What is the tens digit of 4043?
4
What is the ten thousands digit of 42005?
4
What is the units digit of 18280?
0
What is the tens digit of 47?
4
What is the hundreds digit of 926?
9
What is the ten thousands digit of 48417?
4
What is the thousands digit of 11536?
1
What is the units digit of 1377?
7
What is the hundreds digit of 270?
2
What is the units digit of 9844?
4
What is the units digit of 398?
8
What is the hundreds digit of 11046?
0
What is the tens digit of 9175?
7
What is the tens digit of 2918?
1
What is the ten thousands digit of 21469?
2
What is the ten thousands digit of 16375?
1
What is the units digit of 1331?
1
What is the tens digit of 55984?
8
What is the ten thousands digit of 32889?
3
What is the thousands digit of 3508?
3
What is the thousands digit of 4834?
4
What is the hundreds digit of 2361?
3
What is the hundreds digit of 28658?
6
What is the units digit of 2764?
4
What is the thousands digit of 4521?
4
What is the tens digit of 578?
7
What is the thousands digit of 2044?
2
What is the units digit of 4158?
8
What is the hundreds digit of 40074?
0
What is the units digit of 103052?
2
What is the hundreds digit of 2797?
7
What is the units digit of 42823?
3
What is the thousands digit of 12728?
2
What is the tens digit of 21012?
1
What is the hundreds digit of 3923?
9
What is the ten thousands digit of 10432?
1
What is the hundreds digit of 719?
7
What is the tens digit of 424?
2
What is the thousands digit of 2397?
2
What is the units digit of 30325?
5
What is the hundreds digit of 488?
4
What is the hundreds digit of 13681?
6
What is the thousands digit of 2684?
2
What is the tens digit of 1365?
6
What is the tens digit of 31?
3
What is the hundreds digit of 6181?
1
What is the units digit of 85?
5
What is the tens digit of 42?
4
What is the hundreds digit of 45437?
4
What is the tens digit of 15597?
9
What is the ten thousands digit of 20117?
2
What is the units digit of 14859?
9
What is the hundreds digit of 700?
7
What is the tens digit of 50912?
1
What is the hundreds digit of 8009?
0
What is the tens digit of 3243?
4
What is the ten thousands digit of 37953?
3
What is the thousands digit of 47606?
7
What is the thousands digit of 11533?
1
What is the units digit of 20310?
0
What is the ten thousands digit of 45272?
4
What is the units digit of 77040?
0
What is the thousands digit of 25021?
5
What is the units digit of 12871?
1
What is the tens digit of 1239?
3
What is the thousands digit of 2796?
2
What is the units digit of 319?
9
What is the hundreds digit of 10102?
1
What is the units digit of 7192?
2
What is the ten thousands digit of 29638?
2
What is the ten thousands digit of 97852?
9
What is the tens digit of 7303?
0
What is the hundreds digit of 18073?
0
What is the units digit of 85500?
0
What is the thousands digit of 11705?
1
What is the hundreds digit of 336?
3
What is the units digit of 20185?
5
What is the hundreds digit of 4146?
1
What is the hundreds digit of 3799?
7
What is the tens digit of 53765?
6
What is the hundreds digit of 106561?
5
What is the hundreds digit of 3355?
3
What is the units digit of 23641?
1
What is the ten thousands digit of 40573?
4
What is the thousands digit of 9433?
9
What is the units digit of 1052?
2
What is the units digit of 60096?
6
What is the hundreds digit of 3603?
6
What is the hundreds digit of 4981?
9
What is the units digit of 44841?
1
What is the hundreds digit of 445?
4
What is the tens digit of 992?
9
What is the tens digit of 1757?
5
What is the tens digit of 957?
5
What is the thousands digit of 26382?
6
What is the thousands digit of 10079?
0
What is the hundreds digit of 998?
9
What is the thousands digit of 8577?
8
What is the units digit of 1927?
7
What is the units digit of 10061?
1
What is the hundreds digit of 1626?
6
What is the hundreds digit of 2069?
0
What is the hundred thousands digit of 116946?
1
What is the hundreds digit of 388?
3
What is the thousands digit of 6140?
6
What is the thousands digit of 63688?
3
What is the tens digit of 62?
6
What is the thousands digit of 38037?
8
What is the thousands digit of 5230?
5
What is the thousands digit of 1543?
1
What is the units digit of 1287?
7
What is the hundreds digit of 50945?
9
What is the tens digit of 2525?
2
What is the units digit of 816?
6
What is the units digit of 664?
4
What is the ten thousands digit of 33908?
3
What is the tens digit of 8065?
6
What is the tens digit of 13463?
6
What is the thousands digit of 15041?
5
What is the tens digit of 7361?
6
What is the hundreds digit of 13252?
2
What is the hundreds digit of 36442?
4
What is the units digit of 833?
3
What is the tens digit of 37697?
9
What is the hundred thousands digit of 100307?
1
What is the hundreds digit of 9058?
0
What is the units digit of 38105?
5
What is the thousands digit of 4771?
4
What is the tens digit of 866?
6
What is the tens digit of 313?
1
What is the tens digit of 31?
3
What is the hundreds digit of 8299?
2
What is the tens digit of 631?
3
What is the hundreds digit of 16697?
6
What is the units digit of 6836?
6
What is the hundred thousands digit of 130378?
1
What is the tens digit of 1212?
1
What is the units digit of 73?
3
What is the units digit of 7304?
4
What is the thousands digit of 1889?
1
What is the tens digit of 1037?
3
What is the hundreds digit of 127007?
0
What is the hundreds digit of 427?
4
What is the thousands digit of 7647?
7
What is the thousands digit of 8900?
8
What is the units digit of 1317?
7
What is the thousands digit of 76404?
6
What is the units digit of 81445?
5
What is the thousands digit of 12880?
2
What is the tens digit of 1396?
9
What is the hundreds digit of 13608?
6
What is the units digit of 564?
4
What is the hundreds digit of 323?
3
What is the hundreds digit of 3133?
1
What is the tens digit of 5492?
9
What is the tens digit of 11322?
2
What is the thousands digit of 74751?
4
What is the hundreds digit of 1045?
0
What is the hundreds digit of 44051?
0
What is the hundreds digit of 2319?
3
What is the units digit of 49086?
6
What is the tens digit of 5625?
2
What is the thousands digit of 2229?
2
What is the tens digit of 85?
8
What is the ten thousands digit of 110785?
1
What is the hundreds digit of 320?
3
What is the tens digit of 2674?
7
What is the thousands digit of 10544?
0
What is the thousands digit of 168930?
8
What is the units digit of 4931?
1
What is the thousands digit of 2417?
2
What is the units digit of 15556?
6
What is the tens digit of 1093?
9
What is the units digit of 121?
1
What is the tens digit of 39888?
8
What is the units digit of 85266?
6
What is the hundreds digit of 137?
1
What is the thousands digit of 6112?
6
What is the tens digit of 29484?
8
What is the units digit of 2055?
5
What is the units digit of 32761?
1
What is the units digit of 74373?
3
What is the ten thousands digit of 62871?
6
What is the ten thousands digit of 102732?
0
What is the tens digit of 975?
7
What is the hundreds digit of 46591?
5
What is the ten thousands digit of 95827?
9
What is the tens digit of 212?
1
What is the tens digit of 9799?
9
What is the units digit of 1745?
5
What is the units digit of 22098?
8
What is the tens digit of 3392?
9
What is the units digit of 6787?
7
What is the units digit of 691?
1
What is the hundreds digit of 2048?
0
What is the thousands digit of 15089?
5
What is the units digit of 5978?
8
What is the tens digit of 55957?
5
What is the units digit of 38526?
6
What is the hundred thousands digit of 145945?
1
What is th